14. Suppose 0 = 2*q - 5*z + 4 + m, 0 = -5*q - 2*z - 54. Let j = q - -16. Determine k(j).
-6
Let g(r) be the first derivative of 1/2*r**2 - 2*r + 14. Give g(2).
0
Let x(c) = c**3 + 24*c**2 + 23*c + 9. Let a be x(-23). Let q(w) = w + 8. Calculate q(a).
17
Suppose -2*n = -4*s + 8, 3*s + 4*n + 6 = 6*s. Let c(v) = 7 - v - v**s - v - 4*v. Suppose -10*t - d + 15 = -12*t, 2*d - 6 = 0. Determine c(t).
7
Let i(s) = -s**2 - 22*s - 42. Let m be i(-20). Let z(w) = -w**3 - w**2 + 2*w + 3. Calculate z(m).
3
Let q(i) = i**3 - 6*i**2 + 5*i - 3. Suppose 4*c + 5*p = 21, -2*c - 4*p + 7*p = -5. Calculate q(c).
-15
Let d = 34 + -31. Let m = 10 + -8. Let j(w) = -12 + w**2 + 0 + 8 + 0*w**m. Give j(d).
5
Let l(d) = -8*d**2 - 17*d + 21. Let n(s) = -13*s**2 - 25*s + 32. Let r(b) = -8*l(b) + 5*n(b). Calculate r(8).
16
Let z(k) = -k**2 - k + 7. Let h(l) be the second derivative of -2*l**3/3 - 2*l**2 + 31*l. Let d be h(-1). Determine z(d).
7
Let a be (2 - -1)/((-5)/(-120)). Let p(n) = -71*n**3 - 4*n + 3*n - 5 + a*n**3. Determine p(0).
-5
Let u(v) = -118*v + 1772. Let z be u(15). Let c(k) = k + 2*k**2 + 0*k - 2 + k. What is c(z)?
10
Let y(k) = 4*k - 1. Suppose -z = 2*z + o - 61, 0 = -2*z + 4*o + 64. Let f = 20 - z. Determine y(f).
-9
Suppose -21*n = -21 - 21. Let l(r) = 2*r**3 - 3*r**2 + 4*r - 3. Calculate l(n).
9
Suppose -11*v = 3*d - 13*v - 5, -4*v = -4*d + 4. Let a(u) = u**3 - 2*u - 1. Determine a(d).
20
Let o(k) be the second derivative of -1/4*k**5 - 1/12*k**4 + 0 + 0*k**2 + 2*k + 0*k**3. Let r be (-12 - -8 - -11) + -6. Calculate o(r).
-6
Let v = 16 + -6. Suppose -76*g = -81*g. Let t(c) = 9 - v + c + c**2 + 0*c + g*c. What is t(-3)?
5
Suppose -3 - 63 = -3*y. Let m = 21 - y. Let w(p) = p**3 + 5*p**2. Let g(c) = -c**2 - 1. Let s(d) = m*w(d) - 2*g(d). Calculate s(-3).
2
Let i be 4/(-16)*0 + 0. Suppose 6 = -v - 4*w, 2*v + i*w - w + 12 = 0. Let x(f) = -5*f - f**2 + 6 + 0*f**2 + 2. Give x(v).
2
Let q be -6 + (-1 - (-2 + 1)). Let t(r) = -8*r**2 + 12*r + 7. Let l(y) = -37*y**2 + 58*y + 33. Let a(w) = 3*l(w) - 14*t(w). Determine a(q).
1
Let d(b) be the first derivative of -20 + 5/3*b**3 + 7*b + 2*b**2 - 1/4*b**4. Give d(6).
-5
Let k(q) = -4*q**2 + 25*q + 4. Let d(t) = t**2 - 6*t - 1. Let i(n) = -9*d(n) - 2*k(n). Let v(h) = 3*h**3 - 3*h**2 + 3*h + 1. Let g be v(1). Give i(g).
1
Let t(h) be the first derivative of -h**3/3 + 23*h**2/2 - 20*h - 163. Give t(22).
2
Let c(d) = -4929*d + 9857*d - 4922*d + 3. Determine c(5).
33
Let q(f) = -3*f + 7 + 0 + 2*f + 5*f. Determine q(-3).
-5
Let x(i) = i**2 + 8*i + 5. Let p(n) = n**2 - n - 3. Let u be p(2). Let y be (-3 + 21)*u/3. Give x(y).
-7
Let y(j) = -3*j - 4. Let x(o) be the third derivative of -3*o**2 + 2*o**3 + 5/12*o**4 + 0 + 0*o. Let d(k) = -5*x(k) - 16*y(k). What is d(6)?
-8
Let l be (102/68)/((-12)/32). Let g(w) be the second derivative of w**4/12 + w**3/3 + 5*w**2/2 - w. What is g(l)?
13
Let o(x) = x**3 + 2*x**2 - 4*x + 5. Let d = -27 - -31. Suppose -4*k = -5*k - d. Calculate o(k).
-11
Suppose 5*w + 370 = 405. Let i(v) = -v**2 + 2*v + 2. What is i(w)?
-33
Let w(q) = -7 + 4*q - 14*q**2 - 6*q**2 + q - 6*q**2 + 25*q**2. What is w(2)?
-1
Let b(k) = k**2 + 2*k + 4. Let x be (-3 - (4 + -5)) + -10 + 7. Calculate b(x).
19
Let i(b) = -4*b - 25. Let t be i(-8). Let v(y) = -y**3 + 7*y**2 - 6. What is v(t)?
-6
Let h be 2*(6 + -3)/3. Suppose -7 = h*q - 3*a + 20, 0 = -a + 5. Let n = q + 4. Let p(f) = -f**3 - f**2 - 3*f - 3. Give p(n).
7
Suppose 0 = u - 4 - 1. Let b(w) = -w**3 - 4*w**2 - 2*w + 4. Let s = 24 - 23. Let v(p) = -p**3 + p. Let n(a) = s*b(a) - 2*v(a). Determine n(u).
9
Let t(f) be the third derivative of f**5/60 + 7*f**4/24 - 13*f**3/6 - 14*f**2. Calculate t(-8).
-5
Let h(d) = -d**2 + 5*d. Suppose -3*i - 3 + 21 = z, 0 = 2*z - 6. Give h(i).
0
Let s(x) = x + 2. Let h be 2/2 + -5 + 4. Suppose a + 5 - 21 = h. Suppose 14 = -5*q - a. Determine s(q).
-4
Let g(c) be the second derivative of c**6/720 + c**5/120 + c**4/2 + 3*c. Let o(n) be the third derivative of g(n). Determine o(3).
4
Let d be ((-6)/(-9))/((-4)/12). Let n(z) = 4*z + 1. Let y(r) = -4*r. Let k(x) = 3*n(x) + 2*y(x). What is k(d)?
-5
Let h(c) = -c**3 + 2*c**2 + c - 2. Let s be 5/(-2)*-4*(-15)/(-50). Calculate h(s).
-8
Let u(w) = w - 2. Let b(n) = 3*n**2 + 2*n - 6. Let j be b(-4). Let k = -33 + j. Calculate u(k).
-1
Let w = -2 + -2. Let z(b) be the third derivative of -b**5/60 - 5*b**4/24 - b**3/2 - 3*b**2 - 8*b. Calculate z(w).
1
Suppose -11*o - 23*o + 136 = 0. Let x(t) = 3*t**2 - 8*t - 7. Determine x(o).
9
Let k = 24 - 22. Let g(h) = -8*h**k + 6 + h**3 - 5*h**3 + 6*h**3 - h**3. Calculate g(8).
6
Let s(z) = -2*z - 12 + 3 + 6 + 0*z. Calculate s(-4).
5
Let k(q) = q - 10. Suppose -5*b + 43 = -i, 2*b - i - 3*i = 28. Let v(d) be the first derivative of d**2/2 - 3*d + 264. Let y be v(b). Determine k(y).
-5
Let v(q) = -q**2 - q + 2. Let k be (-650)/55 + (-2)/11. Let s be (k/10)/(3/(-10)). Let j be (-3)/s - (-30)/8. What is v(j)?
-10
Let d(a) = -a**2 + 9*a - 7. Suppose 0 = c + 4*m + 24, -4*c + 3*m + 2 - 3 = 0. Let l(n) = 2*n**2 - 8*n + 6. Let o(f) = c*d(f) - 5*l(f). Determine o(2).
-18
Let r(m) = -10*m + 15. Let l(f) = -57*f + 88. Let v(n) = 2*l(n) - 13*r(n). Determine v(1).
-3
Let h = 19 + -11. Let j(t) = 7*t - 9 - h*t + 8. Determine j(0).
-1
Let t be (224/8)/4 + -5. Let z(w) = w**3 - 2*w + 3. Give z(t).
7
Let p(b) = 12*b**3 - 2*b - 1. Suppose 4*u - 60 = -4*y, -y + 9 = -0*y + 3*u. Suppose -4*q + y = -q - s, -q = -3*s - 14. Suppose -10 = q*t - 5. Calculate p(t).
-11
Let g be 3*(-1 + 1/(-3)). Let y(k) = -2*k**2 + 3*k - 14. Let h(d) = -3*d**2 + 5*d - 25. Let t(a) = -3*h(a) + 5*y(a). Calculate t(g).
-11
Let d(n) = 41*n - 79. Let i be d(2). Let v(m) be the first derivative of -m**2/2 + m - 1. Give v(i).
-2
Suppose 42 = 53*z - 46*z. Let m(w) = -w**2 + w - 1. What is m(z)?
-31
Let a be (2/(-3))/((-2)/9). Suppose -a*o = 5*t + 49, -3*t - o - 3*o = 36. Let c(v) = -v**2 - 6*v + 11. What is c(t)?
-5
Let o(u) = -u**3 - 5*u**2 - 5*u. Let t = -4 - -9. Suppose -7 = t*w + 13. What is o(w)?
4
Let m(j) be the first derivative of j**7/840 - j**6/90 + j**5/120 + j**4/12 - 7*j**3 - 14. Let x(v) be the third derivative of m(v). Determine x(3).
-4
Let r(f) be the third derivative of -f**6/120 - 7*f**5/60 - f**4/6 + f**3 + 3*f**2 + 24. Let m = 14 + -20. Calculate r(m).
-6
Let y(t) = -2*t**2 - 7*t - 2. Let m be (11/33)/((-3)/45 + 0). Determine y(m).
-17
Let s(y) = -y - 2. Let t be 4/8 - (-3)/(-2). Let m be ((-45)/(-10))/(t/(-6)). Suppose -4*z + m = 7. What is s(z)?
-7
Let v be 2/8 + (-69)/(-12). Suppose -8*c = -10*c + 14. Let q(u) = -c*u**2 - 6*u + 9 + 8*u**2 + 0*u**2. Calculate q(v).
9
Let g(s) = -46*s**3 - s**2 - s. Suppose -300*j = -293*j + 7. Give g(j).
46
Let p(w) = -3*w + 4. Let g(f) = -12*f + 6*f + 5*f. Let d(v) = -2*g(v) + p(v). Give d(8).
-4
Let s(j) be the first derivative of j**2/2 + 24*j - 817. Determine s(-10).
14
Let i(v) = v - 22. Let r = -234 - -138. Let c = 106 + r. Give i(c).
-12
Let k(s) be the first derivative of -2*s**3/3 + 4*s**2 - 3*s + 143. What is k(5)?
-13
Let i(l) = -129 + 127 + 2*l - 8*l. Suppose z + 4*z = -5. Let r be i(z). Let o(b) = 2*b - 4. Give o(r).
4
Let n(g) = -5*g**2 - 17*g + 57. Let q(t) = -t**2 - t + 1. Let w(u) = -n(u) + 4*q(u). What is w(-16)?
-5
Let h(r) = 14*r + 335. Let c be h(-25). Let m(z) = -z**2 - 16*z + 6. Give m(c).
21
Let l(u) = -u**3 - 4*u**2 + 2. Suppose 85 = -3*t - 8. Suppose -146 + 6 = -5*f. Let h = f + t. Calculate l(h).
-7
Let p = -3 - -8. Suppose -3*c - p*j + 7 = -1, -2*c + 22 = -5*j. Let z(d) = 0 - 5 + c + d. Give z(-2).
-1
Let g = 2/13 - 107/780. Let q(h) be the third derivative of 9*h**2 + 0 + 1/12*h**4 - 1/6*h**3 - 1/120*h**6 + g*h**5 + 0*h. What is q(-2)?
7
Let r(q) = -q**3 - 3*q**2 + 4*q - 2. Let x(s) = s**2 - 4*s. Let i be x(2). Let t be r(i). Let c(f) = f**3 + f**2 - 2*f + 1. Give c(t).
1
Suppose 0 = -29*o + 33*o - 16. Let j be -1*(-1 + -4 + o). Let n(x) = 5*x - x - 3*x. Determine n(j).
1
Let k(c) = c - 1. Let z be 2/(-6)*612/(-12). Suppose 5*a = 2*j + z + 18, 0 = 5*j. What is k(a)?
6
Let n(d) = -2*d - 13. Let u(q) = -2. Let y(i) = -n(i) + 2*u(i). Calculate y(-2).
5
Let i(x) = x - 14. Let r(b) = -3*b + 42. Let v(a) = 17*i(a) + 6*r(a). Let j be (3 - 6) + 2 + 5. Suppose j*d = -s - d, -d = -s. Determine v(s).
14
Suppose -3*a + 3*u + 9 = 0, 5*a - 